to base 13
-24375
-38 (base 12) to base 3
-1122
Convert -303231 (base 4) to base 3.
-11112120
Convert -336 (base 15) to base 4.
-23112
-2e0a (base 15) to base 5
-304120
What is -558 (base 16) in base 13?
-813
What is 3131 (base 6) in base 12?
4a7
-2012 (base 6) to base 8
-670
What is -7193 (base 10) in base 3?
-100212102
12010 (base 4) to base 7
1063
Convert 3757 (base 8) to base 15.
906
Convert 10011011 (base 2) to base 16.
9b
Convert 10100010011 (base 2) to base 13.
78c
912 (base 14) to base 8
3364
Convert -1010111110 (base 2) to base 12.
-4a6
Convert 3321 (base 5) to base 15.
20b
55ac (base 14) to base 6
152432
Convert 2323 (base 4) to base 2.
10111011
What is 3321 (base 4) in base 11?
207
What is 141 (base 9) in base 12?
9a
Convert -2d3 (base 16) to base 3.
-222210
What is 420033 (base 5) in base 16?
35c8
Convert -537 (base 15) to base 5.
-14202
-2693 (base 10) to base 16
-a85
21211101 (base 3) to base 11
4319
What is -2467 (base 12) in base 4?
-1000033
-1101001 (base 3) to base 4
-33220
Convert c63 (base 16) to base 12.
1a03
What is -10022022 (base 3) in base 14?
-c43
What is 16a6 (base 12) in base 3?
10201200
-1100003 (base 4) to base 7
-20636
Convert 201011 (base 5) to base 8.
14355
Convert -2113331 (base 4) to base 5.
-302400
What is 8c6 (base 13) in base 7?
4262
Convert -141565 (base 7) to base 5.
-1331141
Convert -4004 (base 6) to base 11.
-71a
7b (base 12) to base 16
5f
ba8 (base 13) to base 10
1997
Convert 1100101001111 (base 2) to base 9.
8788
Convert 11010111110 (base 2) to base 12.
bba
What is -402201 (base 5) in base 3?
-122120010
What is 1000001 (base 2) in base 15?
45
55b (base 12) to base 15
37b
Convert -157b (base 13) to base 10.
-3144
Convert 5227 (base 10) to base 7.
21145
101131 (base 4) to base 2
10001011101
What is 3511 (base 8) in base 3?
2120002
What is -323 (base 15) in base 5?
-10313
What is -322 (base 14) in base 8?
-1152
What is 5a2 (base 12) in base 16?
34a
-110100 (base 3) to base 8
-515
-31b (base 12) to base 7
-1220
Convert -4150 (base 7) to base 16.
-5b0
Convert 1289 (base 13) to base 6.
20132
What is 502 (base 7) in base 14?
139
What is -121 (base 11) in base 8?
-220
What is 25a (base 14) in base 12?
334
Convert -1076 (base 8) to base 12.
-3ba
What is -20a (base 12) in base 15?
-14d
Convert -10103 (base 7) to base 8.
-4625
What is -1b12 (base 15) in base 4?
-1123223
10111120201 (base 3) to base 6
1251114
-2602 (base 9) to base 11
-150a
2a2 (base 13) to base 8
726
What is -10690 (base 12) in base 8?
-52314
-3312 (base 5) to base 11
-386
What is -ba (base 13) in base 3?
-12200
Convert -1023030 (base 5) to base 7.
-101223
Convert 2a69 (base 12) to base 16.
1371
Convert 8d (base 14) to base 9.
148
Convert 10010000110 (base 2) to base 10.
1158
Convert 22101 (base 3) to base 9.
271
14 (base 10) to base 15
e
b99 (base 15) to base 6
20043
Convert -1401 (base 7) to base 5.
-4130
1221013 (base 4) to base 2
1101001000111
-10013 (base 5) to base 15
-2c3
Convert -860 (base 16) to base 3.
-2221102
Convert 13ba2 (base 13) to base 8.
110427
What is -101021021 (base 3) in base 4?
-1310332
What is 2010200 (base 4) in base 13?
3b24
Convert -15d (base 14) to base 8.
-427
-21204 (base 5) to base 10
-1429
Convert -a91 (base 11) to base 7.
-3551
7863 (base 10) to base 16
1eb7
-1100110100 (base 2) to base 12
-584
What is 2954 (base 10) in base 8?
5612
What is -2710 (base 9) in base 7?
-5634
What is -189 (base 13) in base 10?
-282
Convert 53546 (base 7) to base 6.
141345
What is -1100110001110 (base 2) in base 10?
-6542
6ce6 (base 15) to base 10
23166
Convert -524 (base 6) to base 4.
-3010
-31423 (base 7) to base 11
-5914
Convert 23c9 (base 13) to base 12.
2b22
Convert 33a (base 11) to base 13.
253
What is 2055 (base 7) in base 3?
222220
-359 (base 10) to base 16
-167
-902 (base 12) to base 15
-5b8
What is 3861 (base 10) in base 16?
f15
Convert 3b1 (base 15) to base 4.
31021
What is -2023424 (base 5) in base 9?
-50224
What is -27278 (base 9) in base 4?
-10200122
What is 11202102 (base 3) in base 13?
1769
What is 51025 (base 9) in base 8?
101425
What is 35101 (base 6) in base 12?
2a91
Convert -3075 (base 9) to base 5.
-33010
What is -1142 (base 9) in base 4?
-31100
What is 3678 (base 10) in base 13?
189c
Convert 4b2 (base 12) to base 16.
2c6
1258 (base 10) to base 6
5454
4a0 (base 13) to base 15
38b
What is 1656 (base 8) in base 2?
1110101110
Convert -33020 (base 4) to base 2.
-1111001000
-100011011010 (base 2) to base 10
-2266
Convert 181 (base 16) to base 8.
601
What is -36322 (base 10) in base 14?
-d346
What is -2041 (base 9) in base 4?
-113113
-28b (base 16) to base 10
-651
-62413 (base 10) to base 4
-33033031
What is 111020202 (base 3) in base 9?
14222
What is 81817 (base 9) in base 13?
1b6a9
What is 1a96 (base 12) in base 16?
cd2
-104547 (base 9) to base 16
-f3cd
-3177 (base 8) to base 4
-121333
-22308 (base 9) to base 4
-3213233
402344 (base 5) to base 10
12849
Convert -1001121 (base 3) to base 10.
-772
What is 1000 (base 2) in base 4?
20
Convert 10303 (base 10) to base 6.
115411
aa6 (base 12) to base 15
6e6
64c7 (base 16) to base 10
25799
What is -1ab8a (base 15) in base 12?
-42404
18c4 (base 15) to base 7
21424
Convert -37 (base 13) to base 4.
-232
What is -1272 (base 9) in base 6?
-4232
What is 101142 (base 7) in base 6?
211433
Convert 219c (base 16) to base 2.
10000110011100
What is 330032 (base 4) in base 12?
2292
Convert 4500 (base 8) to base 15.
a7d
What is -3ab (base 15) in base 3?
-1010222
-2020221 (base 3) to base 13
-997
What is 64 (base 15) in base 9?
114
What is 1000212 (base 3) in base 2?
1011110000
Convert 1436 (base 12) to base 16.
92a
Convert 286 (base 12) to base 9.
473
Convert 2370 (base 12) to base 16.
f84
Convert 39a8 (base 12) to base 8.
14720
-31 (base 12) to base 10
-37
Convert -4c31 (base 14) to base 2.
-11010000111011
What is 5234 (base 11) in base 6?
52034
Convert 53bb (base 13) to base 10.
11646
What is -2888 (base 11) in base 16?
-e8e
What is -22010010 (base 3) in base 5?
-142131
Convert -265 (base 14) to base 2.
-111100001
What is -2d76 (base 14) in base 9?
-12144
Convert -4507 (base 12) to base 15.
-23e4
What is 961b (base 14) in base 12?
12ba1
Convert -e0 (base 16) to base 10.
-224
What is 6546 (base 7) in base 6?
14453
14111 (base 6) to base 8
4233
-544 (base 14) to base 11
-866
Convert 2320 (base 5) to base 8.
517
-326 (base 15) to base 10
-711
10110001 (base 2) to base 10
177
Convert -2010 (base 6) to base 3.
-121020
120110002 (base 3) to base 2
10101111111101
Convert 1000000011 (base 2) to base 6.
2215
What is -11303201 (base 4) in base 9?
-35548
What is -6116 (base 12) in base 10?
-10530
-ac51 (base 14) to base 2
-111010010100111
Convert -5375 (base 8) to base 15.
-c78
101000010110 (base 2) to base 3
10112122
Convert -399 (base 10) to base 9.
-483
Convert 407 (base 15) to base 14.
48b
315 (base 9) to base 15
122
What is -5322 (base 8) in base 16?
-ad2
-1b1 (base 12) to base 15
-137
What is 124242 (base 5) in base 4?
1031103
What is -11420 (base 6) in base 2?
-11010000100
What is -1043 (base 15) in base 2?
-110101101110
-1213120 (base 6) to base 4
-33223020
What is 216 (base 10) in base 6?
1000
What is 3382 (base 15) in base 5?
322142
What is -1a4a (base 14) in base 12?
-2916
93f (base 16) to base 14
c11
What is -1023 (base 6) in base 13?
-14a
Convert 3396 (base 13) to base 7.
30024
Convert -4562 (base 12) to base 14.
-2b46
Convert 5a41 (base 14) to base 4.
3311321
370 (base 11) to base 15
1e5
What is -2231 (base 6) in base 15?
-24d
What is 6d36 (base 15) in base 13?
a758
3353 (base 9) to base 10
2478
What is 25552 (base 7) in base 10?
6799
Convert -10122000 (base 3) to base 7.
-10500
Convert 460 (base 11) to base 16.
226
158f (base 16) to base 5
134034
211031 (base 4) to base 14
c21
146 (base 7) to base 9
102
Convert 33736 (base 9) to base 4.
11133012
1100110011010 (base 2) to base 7
25052
212021 (base 5) to base 12
4168
Convert 200010221 (base 3) to base 5.
410403
Convert 8c1 (base 13) to base 12.
a59
16c5 (base 13) to base 14
132c
Convert 30012 (base 4) to base 9.
1050
What is -430051 (base 6) in base 7?
-204052
Convert -378 (base 11) to base 5.
-3243
What is 400 (base 11) in base 10?
484
2563 (base 9) to base 11
1496
Convert 10627 (base 10) to base 9.
15517
What is 1526 (base 8) in